prime factors of u?
3, 5, 37
Suppose -5*s - 30 - 105 = 0. Let z = -25 - s. What are the prime factors of z?
2
Suppose 3*j = -3*b + 21, 5*j - 34 = -4*b - 9. Suppose -15*y = -b*y + 20. List the prime factors of 2/y - (-40)/16.
2
Let w(n) = 2*n - 12 - n + 0*n + 11 + 5*n**3. Suppose 0 = 7*z - 11*z + 4. List the prime factors of w(z).
5
Let c(w) = w**3 + 16*w**2 + 8*w. Let a(j) = j**3 + 15*j**2 + 8*j. Let i(s) = 5*a(s) - 4*c(s). Let v be ((-64 + 4)/6)/1. What are the prime factors of i(v)?
2, 5
Let f = -1431 + 2099. What are the prime factors of f?
2, 167
Let m(s) = -s**3 + 9*s**2 - 7. Let v be m(8). Suppose 2*w - v = 13. List the prime factors of w.
5, 7
Let z be 3*(24/108)/((-1)/(-48)). List the prime factors of z*(4 - 21/6).
2
Let m(y) = -y + 0 - 2 + 19 - y**2. Suppose -5*i = -d - d - 25, 0 = 5*d - i + 5. What are the prime factors of m(d)?
17
Suppose -c = -1635 - 98. List the prime factors of c.
1733
List the prime factors of 27530/14 + (-6)/14 - -1.
7, 281
Let a = 21 + -19. List the prime factors of (-1 - -1) + (9 - a).
7
Let k(d) = -17*d - 12. Let s(j) = -25*j - 18. Let n(b) = 7*k(b) - 5*s(b). Let l be n(8). Let w = -27 + l. List the prime factors of w.
3
Let h be -55 - (-1 + (2 - 3)). Let r = 75 + h. List the prime factors of r.
2, 11
Suppose 0 = 3*i - 3, l - 297 = 3*i - 2*i. What are the prime factors of l?
2, 149
Suppose -3*u - 6 = z, 3*z + z - u = 15. Let a be (-1 - z) + 0 - -17. Let l = a - -50. What are the prime factors of l?
3, 7
Suppose -292 - 45 = 4*j + p, 0 = -2*j - p - 169. Let w = j - -349. What are the prime factors of w?
5, 53
Let v = 5 - 14. Let w = 14 + v. Suppose f + 3 = 2*f, w*f = 5*n. What are the prime factors of n?
3
Let z(l) be the first derivative of -l**4/4 - 13*l**3/3 + 6*l**2 + 21*l + 7. What are the prime factors of z(-14)?
7
Suppose -s - 10 + 61 = 0. Suppose -4*p + 120 = 5*q, 4*p - 4*q - 84 = -0*p. Let g = s - p. List the prime factors of g.
2, 13
Let g be 2 + (-4)/(12*1)*-222. Suppose g = 6*z - 26. List the prime factors of z.
17
List the prime factors of 549 - (4 - (-6 + 4)).
3, 181
Let l be -4*(26/8 - -1). Let t(z) = -z**3 - 16*z**2 + 13*z - 21. What are the prime factors of t(l)?
47
Let l = 39 - 37. What are the prime factors of (-3 - (l - 4)) + 159?
2, 79
Let o = -75 - -84. Suppose -1086 - 804 = -o*j. What are the prime factors of j?
2, 3, 5, 7
Let o = 5 + -10. What are the prime factors of 47/o*(-7 - -2)?
47
Let j(k) = 3*k**2 - 2*k - 8. Let z be ((-5)/(-3))/(4/24*-2). List the prime factors of j(z).
7, 11
Let q = -384 - -624. List the prime factors of ((-26)/8)/((-6)/q).
2, 5, 13
Let g(a) = 5*a**2 - 30*a + 2. List the prime factors of g(18).
2, 541
Let a(p) = -p**3 - 9*p**2 + 11*p + 15. Let f be a(-10). Let c be ((-52)/f)/(3/(-30)). Let l = c + -62. List the prime factors of l.
2, 3, 7
Let m(q) = -q**2 - 10*q + 13. Let a be m(-11). Suppose -a*o - 165 = 3*o. List the prime factors of (-6)/(-4)*(-110)/o.
5
Suppose 0 = -4*m + 16, 0 = -3*k + 3*m + 311 + 2257. What are the prime factors of k?
2, 5, 43
Suppose 0 = -6*g + 27 + 39. What are the prime factors of g*((-15)/(-3))/5?
11
Let v = 71 - 293. Let s = 312 + v. What are the prime factors of s?
2, 3, 5
Suppose 37 + 1 = 2*z. Suppose 16*p = z*p - 291. What are the prime factors of p?
97
Suppose -l - 192 = -5*l. Suppose l = 2*o - 16. Suppose 2*v - 32 - o = 0. What are the prime factors of v?
2
Let v(w) = 19*w - 13. Suppose -18 + 0 = -3*c + 3*n, 25 = 3*c + 4*n. What are the prime factors of v(c)?
2, 3, 5
Let g(y) = 10*y**3 - 110*y**2 + 44*y + 5. What are the prime factors of g(13)?
3, 1319
Let x be 464/10 - 26/65. Let v = 69 - x. Suppose -4*a = d - 16, 5*a - 21 = -2*d + v. List the prime factors of d.
2
Let x = 38 + -74. What are the prime factors of (-282)/4*120/x?
5, 47
Suppose 0 = -0*b - b + 4*m + 127, 0 = 4*b + 3*m - 546. List the prime factors of 4/(-18) - (-18660)/b.
2, 3, 23
List the prime factors of (-2 + -3 + 2)*28370/(-30).
2837
Let r(m) = 15*m**3 - 2 + 15*m**2 + 16*m**3 + 13*m - 30*m**3. Let z be r(-14). Let l = 40 - z. List the prime factors of l.
2, 7
Suppose -x + 4 = 2. Suppose -x*d + 3 = -25. Suppose -i - i = -d. What are the prime factors of i?
7
List the prime factors of ((1623/(-6))/1)/(16/(-96)).
3, 541
List the prime factors of (-120)/12*6696/(-45).
2, 3, 31
What are the prime factors of ((-779)/(-4))/((-23)/(-184))?
2, 19, 41
Let m = 113 - 75. Suppose -2*b = 2*z - m, 0 = 10*b - 15*b - z + 91. What are the prime factors of b?
2, 3
Suppose 192 = -60*p + 62*p. Suppose 0*g + 2*v = 3*g + 122, 5*v = g + 58. Let a = g + p. List the prime factors of a.
2, 29
Let w(x) = -x**3 - 4*x**2 - 2. Let s be w(-4). Let y(g) = 2 + 0 - 2 - 26*g. What are the prime factors of y(s)?
2, 13
Let m = -2965 - -5183. List the prime factors of m.
2, 1109
Let a = -1157 + 2620. List the prime factors of a.
7, 11, 19
Let n(s) = -s**3 + 2*s**2 - s + 1. Let c be n(2). Let p = 3 - c. What are the prime factors of (-276)/(-9) - p/6?
2, 3, 5
Let p(j) = 15*j + 6. Let x be p(3). Let f = 122 - x. What are the prime factors of f?
71
Let n(p) = p**3 - 2*p**2 + p - 7. Let w be n(3). Suppose -53 = -6*k + 3*k - w*t, -4*k + 4*t = -60. What are the prime factors of (-68)/k*2*-2?
17
Suppose -6*i + 2679 = -381. What are the prime factors of i?
2, 3, 5, 17
Suppose -2*x = -2*b, 5*b - 9 = -x + 3*x. Suppose -189 = -b*j + 3*a, 5*a + 23 = -j + 98. Suppose -j = -r - r - 3*g, -r + 26 = -5*g. List the prime factors of r.
31
Suppose 4*t + c - 21 = 0, -t = -5*t + c + 11. Suppose 0 = -t*k + 5*k - 3*s - 58, 290 = 5*k + 3*s. What are the prime factors of k?
2, 29
Let q(w) = -w**3 + 3*w - 8*w + 8*w + 8*w**2 + 6. List the prime factors of q(6).
2, 3
Let f(n) = 3*n**3 - 8*n**2 - 20*n - 10. What are the prime factors of f(8)?
2, 7, 61
Let k(d) = d**2 + 28*d + 148. List the prime factors of k(-32).
2, 3, 23
Let w be (2 - 1)*(-144)/(-12). Suppose -3 = -4*z - 51. What are the prime factors of (w*1)/(z/(-16))?
2
Let c(g) = g**3 - 6*g**2 - 8*g + 11. Let w be c(7). Suppose w*r = 20, -104 = -0*m - m + 3*r. What are the prime factors of m?
7, 17
Suppose 0*y = 5*y - 10. Let a = 112 + -110. Suppose 3*d + v - 33 = 0, a*d + y*d - 4*v - 60 = 0. What are the prime factors of d?
2, 3
Let r(z) = -9*z**3 - 3*z**2 + 3. Let l be r(-2). Suppose -4*t + 359 - l = 0. What are the prime factors of t?
2, 37
Let b(r) = 4*r + 3. Let u(c) = 5*c + 4. Let y(l) = 3*b(l) - 4*u(l). List the prime factors of y(-11).
3
Let l = 1555 + -396. What are the prime factors of l?
19, 61
Let i = -2065 + 2555. What are the prime factors of i?
2, 5, 7
Suppose -2*x + 12 = -5*b, -2*b - 2*b = 0. Let u(p) = 4*p**2 - 5*p - 8. Let w be u(x). Suppose -3*c + w = 4*m, -c - 31 - 55 = -3*m. List the prime factors of m.
2, 7
Let w be (-2 - -2)/(0 + -1). Suppose 0 = 2*p + 3*k - 85, w*p + 3*k = p - 65. Suppose 2*d = -4*t + p, 14 + 33 = 3*d - t. List the prime factors of d.
17
Let v(h) = -h**2 + h - 1. Let b(k) = 2*k**3 - 2*k**2 + 6*k - 3. Let j(w) = -b(w) + 4*v(w). Let p be j(3). Let d = 131 + p. List the prime factors of d.
2, 13
Suppose t - 4*w - 55 - 574 = 0, 2579 = 4*t + 5*w. What are the prime factors of t?
641
Let s = 638 - 75. What are the prime factors of s?
563
Let j = 13 - 35. Let i = j + 70. What are the prime factors of i?
2, 3
Let k be -3 - 0 - ((-12)/4 + -153). Suppose 7*n + k = 10*n. List the prime factors of n.
3, 17
Let l(c) = c**2 + 9*c - 12. Let g be l(-10). Let s be (3 + -119)*3/g. Suppose 4*y + s = 5*n, 0 = -4*n + 5*y + 116 + 25. List the prime factors of n.
2, 17
Suppose -5*t = -l - 28, -5 = -4*t - 3*l - 2*l. Suppose -4*s + n = 42, -t*s + 3*n - 68 = -12. What are the prime factors of 75/6*(-8)/s?
2, 5
Let m(v) = 5*v + 5. Let n(h) = 14*h + 14. Let j(r) = -11*m(r) + 4*n(r). Let w be j(4). Suppose -w*f = -f - 8. What are the prime factors of f?
2
List the prime factors of 9 - 15 - 770/(-2 + 0).
379
Suppose 170 + 90 = 4*r. Let c = -7 + r. List the prime factors of c.
2, 29
Let v(h) = -h**2 - 15*h - 10. Let o be v(-14). Suppose o*s = -2*k + 20, 2*k - 3*s - 2 = 11. What are the prime factors of (k/40)/((-1)/(-15))?
3
Let u(h) = 4*h + 1. Let n(b) = -2*b - 1. Let f = -9 - -14. Let w(z) = f*n(z) + 3*u(z). What are the prime factors of w(2)?
2
Suppose -7*m + 3*m = -1664. Suppose 4*j - m = 16. Let c = 165 - j. What are the prime factors of c?
3, 19
Suppos